 (base 3) to base 13
31
What is 4 (base 9) in base 8?
4
1 (base 15) to base 5
1
22 (base 9) to base 2
10100
Convert -4 (base 10) to base 16.
-4
What is 101 (base 3) in base 13?
a
45 (base 9) to base 15
2b
What is -1012 (base 3) in base 8?
-40
What is 103 (base 4) in base 11?
18
What is -4 (base 13) in base 15?
-4
-415 (base 6) to base 4
-2123
Convert -d (base 14) to base 10.
-13
What is 10 (base 6) in base 5?
11
3 (base 14) to base 5
3
Convert -32 (base 11) to base 15.
-25
What is 5 (base 16) in base 3?
12
What is -1 (base 8) in base 3?
-1
4 (base 7) to base 4
10
Convert 1 (base 16) to base 8.
1
Convert -33 (base 6) to base 16.
-15
Convert 16 (base 13) to base 5.
34
What is -19 (base 12) in base 11?
-1a
-121 (base 15) to base 16
-100
-355 (base 6) to base 2
-10001111
What is b (base 12) in base 2?
1011
Convert -74 (base 10) to base 5.
-244
What is c (base 13) in base 6?
20
125 (base 6) to base 11
49
What is -30 (base 10) in base 9?
-33
-11 (base 2) to base 12
-3
Convert 6 (base 8) to base 16.
6
What is 3 (base 4) in base 15?
3
-10 (base 14) to base 12
-12
26 (base 7) to base 16
14
Convert 0 (base 13) to base 10.
0
Convert -1 (base 3) to base 10.
-1
What is -343 (base 6) in base 13?
-a5
Convert -3001 (base 4) to base 11.
-166
What is 1404 (base 6) in base 14?
1c0
Convert 22 (base 4) to base 12.
a
Convert -10000 (base 2) to base 15.
-11
What is 0 (base 4) in base 9?
0
Convert -58 (base 11) to base 4.
-333
Convert -14 (base 12) to base 3.
-121
Convert 32 (base 8) to base 11.
24
Convert -100011 (base 2) to base 8.
-43
5 (base 6) to base 14
5
1 (base 10) to base 3
1
What is -1 (base 4) in base 6?
-1
What is -4 (base 6) in base 12?
-4
-4 (base 5) to base 14
-4
-5 (base 14) to base 10
-5
What is -11 (base 4) in base 6?
-5
Convert 112 (base 13) to base 5.
1214
Convert 100100 (base 2) to base 12.
30
What is -100 (base 2) in base 16?
-4
Convert -13 (base 14) to base 12.
-15
Convert -11 (base 9) to base 14.
-a
Convert -2 (base 16) to base 2.
-10
What is -3 (base 4) in base 16?
-3
Convert 1111 (base 4) to base 7.
151
12 (base 4) to base 3
20
What is 1 (base 7) in base 12?
1
9 (base 14) to base 13
9
Convert 2 (base 5) to base 7.
2
1 (base 2) to base 9
1
-8 (base 11) to base 4
-20
2 (base 11) to base 15
2
-12 (base 12) to base 8
-16
What is 0 (base 7) in base 15?
0
Convert 1 (base 16) to base 6.
1
Convert 24 (base 10) to base 13.
1b
What is 3 (base 15) in base 2?
11
Convert 19 (base 12) to base 4.
111
Convert -23 (base 4) to base 7.
-14
Convert -9c (base 15) to base 12.
-103
Convert 10 (base 3) to base 8.
3
What is 112 (base 4) in base 2?
10110
Convert 99 (base 13) to base 3.
11200
What is -1110100 (base 2) in base 7?
-224
Convert -3 (base 15) to base 11.
-3
Convert 0 (base 15) to base 13.
0
122 (base 4) to base 3
222
-14 (base 14) to base 5
-33
What is -333 (base 4) in base 15?
-43
3 (base 7) to base 2
11
What is -67 (base 16) in base 4?
-1213
3 (base 12) to base 6
3
What is 1 (base 16) in base 10?
1
What is -16 (base 8) in base 15?
-e
Convert 1b (base 16) to base 5.
102
What is 11 (base 8) in base 3?
100
What is -15 (base 11) in base 4?
-100
-31 (base 4) to base 11
-12
410 (base 7) to base 9
245
Convert e (base 16) to base 8.
16
8 (base 9) to base 2
1000
Convert 4 (base 11) to base 9.
4
Convert 1 (base 5) to base 12.
1
What is 45 (base 10) in base 11?
41
Convert 30 (base 5) to base 12.
13
What is 1023 (base 5) in base 12?
b6
What is -1 (base 13) in base 9?
-1
Convert 141 (base 5) to base 13.
37
-5 (base 14) to base 4
-11
1 (base 11) to base 8
1
What is 1313 (base 4) in base 10?
119
What is 4 (base 7) in base 2?
100
Convert -135 (base 12) to base 7.
-353
Convert 5b (base 14) to base 2.
1010001
15 (base 16) to base 15
16
Convert -3 (base 12) to base 11.
-3
Convert -112 (base 4) to base 14.
-18
Convert -30 (base 10) to base 14.
-22
What is -1 (base 4) in base 8?
-1
Convert -1 (base 5) to base 7.
-1
What is 154 (base 7) in base 9?
107
Convert 10 (base 6) to base 12.
6
53 (base 10) to base 5
203
Convert 110 (base 10) to base 7.
215
Convert -43 (base 10) to base 3.
-1121
2 (base 9) to base 7
2
-21 (base 5) to base 14
-b
Convert 1 (base 14) to base 8.
1
Convert 30 (base 6) to base 15.
13
Convert -3 (base 6) to base 7.
-3
What is -10 (base 6) in base 5?
-11
What is 30 (base 4) in base 11?
11
What is -8b (base 14) in base 9?
-146
0 (base 14) to base 15
0
What is -210 (base 3) in base 10?
-21
What is -130 (base 5) in base 10?
-40
-16 (base 12) to base 9
-20
What is -1 (base 8) in base 15?
-1
What is 220 (base 4) in base 8?
50
Convert 0 (base 16) to base 13.
0
Convert -a4 (base 16) to base 12.
-118
What is 54 (base 12) in base 4?
1000
Convert 3302 (base 4) to base 12.
182
Convert -333 (base 5) to base 9.
-113
10001110 (base 2) to base 4
2032
1322 (base 6) to base 7
662
Convert -11 (base 15) to base 5.
-31
Convert -1001011 (base 2) to base 15.
-50
Convert -34 (base 14) to base 15.
-31
33 (base 5) to base 8
22
What is 1 (base 8) in base 11?
1
100 (base 2) to base 13
4
Convert 2 (base 14) to base 2.
10
What is -3 (base 8) in base 16?
-3
What is -6 (base 12) in base 9?
-6
What is 4 (base 7) in base 8?
4
What is 6 (base 15) in base 9?
6
Convert 1 (base 16) to base 11.
1
What is 5 (base 14) in base 10?
5
Convert 4 (base 13) to base 4.
10
What is -12 (base 12) in base 13?
-11
Convert 0 (base 13) to base 3.
0
9 (base 11) to base 7
12
-4 (base 5) to base 14
-4
What is 18 (base 12) in base 10?
20
Convert 1 (base 15) to base 10.
1
Convert -2 (base 10) to base 16.
-2
What is 1132 (base 4) in base 15?
64
What is 100 (base 2) in base 16?
4
What is 0 (base 8) in base 5?
0
0 (base 8) to base 2
0
Convert 3 (base 9) to base 12.
3
What is -8 (base 14) in base 12?
-8
1110 (base 2) to base 10
14
Convert -2 (base 11) to base 16.
-2
What is 0 (base 12) in base 3?
0
What is 14 (base 13) in base 11?
16
-1 (base 16) to base 11
-1
100 (base 3) to base 6
13
6 (base 9) to base 16
6
What is -20111 (base 3) in base 14?
-c7
Convert 1 (base 8) to base 9.
1
Convert -b (base 15) to base 14.
-b
-11101 (base 2) to base 9
-32
What is b5 (base 15) in base 2?
10101010
Convert 40 (base 11) to base 7.
62
1 (base 7) to base 2
1
What is -10111100 (base 2) in base 15?
-c8
Convert -15 (base 9) to base 3.
-112
Convert 21 (base 7) to base 15.
10
100101000 (base 2) to base 16
128
Convert -3 (base 4) to base 13.
-3
Convert 32 (base 6) to base 7.
26
-1031 (base 4) to base 2
-1001101
What is -75 (base 10) in base 5?
-300
What is 6 (base 11) in base 8?
6
Convert 43 (base 8) to base 7.
50
Convert -1 (base 13) to base 4.
-1
Convert -21 (base 7) to base 12.
-13
-22 (base 5) to base 11
-11
What is 443 (base 7) in base 15?
102
What is 40 (base 6) in base 8?
30
Convert 0 (base 6) to base 7.
0
201 (base 3) to base 14
15
-41 (base 15) to base 14
-45
Convert 22 (base 3) to base 8.
10
Convert 139 (base 11) to base 10.
163
-2 (base 15) to base 7
-2
What is -2 (base 13) in base 3?
-2
What is -1 (base 3) in base 14?
-1
What is 149 (base 10) in base 6?
405
Convert 1000 (base 4) to base 8.
100
What is 12 (base 7) in base 3?
100
1 (base 12) to base 6
1
-32 (base 7) to base 5
-43
-11 (base 5) to base 9
-6
Convert -450 (base 7) to base 2.
-11100111
Convert -2 (base 10) to base 5.
-2
Convert 0 (base 15) to base 2.
0
-2 (base 3) to base 2
-10
6 (base 12) to base 8
6
Convert 5 (base 16) to base 14.
5
111 (base 3) to base 6
21
Convert -2 (base 5) to base 12.
-2
Convert 1111 (base 2) to base 11.
14
-1 (base 3) to base 12
-1
Convert 3a (base 11) to base 9.
47
What is -1 (base 7) in base 3?
-1
Convert -21 (base 5) to base 8.
-13
Convert 11000 (base 2) to base 3.
220
Convert -1c (base 13) to base 9.
-27
4 (base 15) to base 12
4
-3 (base 11) to base 10
-3
241 (base 6) to base 10
97
5 (base 14) to base 12
5
What is 5 (base 7) in base 6?
5
-1 (base 4) to base 7
-1
1 (base 15) to base 9
1
Convert 430 (base 7) to base 15.
e7
What is 14 (base 9) in base 12?
11
Convert 2 (base 5) to base 13.
2
Convert 55 (base 13) to base 7.
130
Convert 20 (base 8) to base 3.
121
Convert 1113 (base 6) to base 7.
522
-23 (base 16) to base 15
-25
-16 (base 12) to base 6
-30
Convert 322 (base 7) to base 4.
2203
-5 (base 15) to base 4
-11
Convert -1010 (base 2) to base 11.
-a
Convert 0 (base 6) to base 11.
0
What is 2 (base 9) in base 3?
2
Convert 1100 (base 2) to b